 factors of 871068.
2, 3, 11, 6599
List the prime factors of 181442.
2, 257, 353
List the prime factors of 1721038.
2, 11, 78229
What are the prime factors of 9216155?
5, 13, 71, 1997
List the prime factors of 1950437.
43, 67, 677
What are the prime factors of 136024?
2, 7, 347
What are the prime factors of 3315430?
2, 5, 331543
What are the prime factors of 2853618?
2, 3, 179, 2657
List the prime factors of 1404272.
2, 87767
List the prime factors of 8120.
2, 5, 7, 29
What are the prime factors of 330209?
11, 2729
What are the prime factors of 16686511?
16686511
What are the prime factors of 8305080?
2, 3, 5, 7, 9887
List the prime factors of 316044.
2, 3, 8779
What are the prime factors of 761232?
2, 3, 15859
List the prime factors of 928126.
2, 223, 2081
List the prime factors of 918162.
2, 3, 7, 347
What are the prime factors of 4057452?
2, 3, 7, 1789
List the prime factors of 479512.
2, 11, 5449
List the prime factors of 662599.
7, 103, 919
What are the prime factors of 19615990?
2, 5, 863, 2273
What are the prime factors of 13972721?
7, 43, 61, 761
List the prime factors of 245722.
2, 122861
List the prime factors of 652380.
2, 3, 5, 83, 131
List the prime factors of 678078.
2, 3, 29, 433
What are the prime factors of 2430318?
2, 3, 11, 23, 1601
What are the prime factors of 1063562?
2, 43, 83, 149
List the prime factors of 10796422.
2, 7, 13, 137, 433
What are the prime factors of 117011?
17, 6883
What are the prime factors of 656845?
5, 7, 383
What are the prime factors of 3939606?
2, 3, 11, 101, 197
List the prime factors of 15307498.
2, 7653749
What are the prime factors of 1096416?
2, 3, 47
What are the prime factors of 482585?
5, 96517
List the prime factors of 1666587.
3, 13, 151, 283
List the prime factors of 6391307.
13, 491639
List the prime factors of 107420.
2, 5, 41, 131
What are the prime factors of 1293804?
2, 3, 83, 433
List the prime factors of 2906043.
3, 7, 53, 373
List the prime factors of 7479747.
3, 11, 75553
What are the prime factors of 1028692?
2, 7, 36739
List the prime factors of 11198537.
7, 383, 4177
What are the prime factors of 6710602?
2, 277, 12113
List the prime factors of 577832.
2, 72229
What are the prime factors of 157458?
2, 3, 7, 23, 163
List the prime factors of 260657.
277, 941
List the prime factors of 7526872.
2, 853, 1103
List the prime factors of 152231.
152231
List the prime factors of 616230.
2, 3, 5, 41, 167
List the prime factors of 202298.
2, 101149
What are the prime factors of 3353450?
2, 5, 47, 1427
List the prime factors of 115866.
2, 3, 41, 157
List the prime factors of 811902.
2, 3, 7, 13, 1487
List the prime factors of 213910.
2, 5, 21391
What are the prime factors of 5347259?
5347259
What are the prime factors of 48298?
2, 19, 31, 41
What are the prime factors of 385800?
2, 3, 5, 643
What are the prime factors of 180425?
5, 7, 1031
List the prime factors of 53096.
2, 6637
What are the prime factors of 1052762?
2, 526381
List the prime factors of 296887.
31, 61, 157
What are the prime factors of 2873122?
2, 7, 205223
What are the prime factors of 273088?
2, 17, 251
What are the prime factors of 640019?
640019
List the prime factors of 3693814.
2, 463, 3989
List the prime factors of 234824.
2, 149, 197
What are the prime factors of 7516416?
2, 3, 9787
List the prime factors of 188910.
2, 3, 5, 2099
List the prime factors of 1325018.
2, 241, 2749
List the prime factors of 91510.
2, 5, 9151
List the prime factors of 42975.
3, 5, 191
List the prime factors of 17902733.
17902733
List the prime factors of 8484131.
8484131
What are the prime factors of 169417?
191, 887
What are the prime factors of 93162?
2, 3, 15527
List the prime factors of 5888956.
2, 1472239
What are the prime factors of 797434?
2, 11, 67, 541
What are the prime factors of 250646?
2, 11, 11393
List the prime factors of 2038057.
7, 41593
What are the prime factors of 491425?
5, 11, 1787
List the prime factors of 2156384.
2, 79, 853
List the prime factors of 444512.
2, 29, 479
List the prime factors of 21954227.
21954227
List the prime factors of 8311019.
1319, 6301
What are the prime factors of 22002748?
2, 137, 40151
List the prime factors of 39920732.
2, 23, 397, 1093
List the prime factors of 10137051.
3, 19, 59281
List the prime factors of 836780.
2, 5, 7, 43, 139
What are the prime factors of 29560549?
41, 89, 8101
What are the prime factors of 17200156?
2, 41, 104879
List the prime factors of 7091052.
2, 3, 590921
What are the prime factors of 3014051?
3014051
What are the prime factors of 3452967?
3, 7, 23, 2383
What are the prime factors of 2417963?
67, 151, 239
List the prime factors of 40479.
3, 103, 131
List the prime factors of 6408112.
2, 157, 2551
List the prime factors of 272602.
2, 11, 12391
List the prime factors of 87788.
2, 17, 1291
List the prime factors of 28344169.
7, 4049167
What are the prime factors of 5398760?
2, 5, 139, 971
List the prime factors of 170541.
3, 7, 2707
What are the prime factors of 507376?
2, 19, 1669
What are the prime factors of 2820166?
2, 947, 1489
List the prime factors of 121263.
3, 83, 487
List the prime factors of 35356915.
5, 11, 642853
What are the prime factors of 4279417?
4279417
List the prime factors of 11266395.
3, 5, 7, 61, 1759
What are the prime factors of 788186?
2, 7, 56299
List the prime factors of 1347925.
5, 53917
What are the prime factors of 185955?
3, 5, 7, 11, 23
List the prime factors of 1582647.
3, 11, 199, 241
What are the prime factors of 4665065?
5, 73, 12781
What are the prime factors of 88555?
5, 89, 199
List the prime factors of 82931.
127, 653
List the prime factors of 16703700.
2, 3, 5, 13, 4283
List the prime factors of 3867280.
2, 5, 48341
List the prime factors of 36092.
2, 7, 1289
List the prime factors of 1287126.
2, 3, 23, 3109
What are the prime factors of 2146064?
2, 134129
List the prime factors of 3125410.
2, 5, 53, 5897
What are the prime factors of 432479?
432479
What are the prime factors of 210844?
2, 52711
List the prime factors of 614628.
2, 3, 7, 271
What are the prime factors of 4032000?
2, 3, 5, 7
What are the prime factors of 861163?
861163
What are the prime factors of 492970?
2, 5, 49297
List the prime factors of 16255009.
17, 956177
What are the prime factors of 952385?
5, 7, 27211
What are the prime factors of 628641?
3, 13, 199
List the prime factors of 702136.
2, 87767
What are the prime factors of 651583?
349, 1867
What are the prime factors of 29776?
2, 1861
List the prime factors of 2521540.
2, 5, 7, 31, 83
List the prime factors of 281212.
2, 229, 307
List the prime factors of 18464097.
3, 29, 83, 2557
List the prime factors of 3860204.
2, 47, 20533
What are the prime factors of 3032456?
2, 7, 54151
List the prime factors of 8344029.
3, 2781343
List the prime factors of 12835099.
1093, 11743
List the prime factors of 2027390.
2, 5, 29, 6991
List the prime factors of 306485.
5, 61297
What are the prime factors of 8685616?
2, 29, 18719
What are the prime factors of 17856438?
2, 3, 43, 67, 1033
What are the prime factors of 7902882?
2, 3, 13, 33773
List the prime factors of 930148.
2, 127, 1831
List the prime factors of 540142.
2, 270071
List the prime factors of 1007326.
2, 503663
What are the prime factors of 165101?
107, 1543
What are the prime factors of 54935?
5, 10987
List the prime factors of 53616.
2, 3, 1117
What are the prime factors of 392280?
2, 3, 5, 7, 467
List the prime factors of 10390813.
149, 69737
What are the prime factors of 166788?
2, 3, 41, 113
What are the prime factors of 4387266?
2, 3, 13, 18749
What are the prime factors of 801015?
3, 5, 53401
What are the prime factors of 5716509?
3, 29, 65707
List the prime factors of 1017203.
11, 19, 31, 157
What are the prime factors of 545687?
191, 2857
List the prime factors of 131480.
2, 5, 19, 173
What are the prime factors of 212628?
2, 3, 13, 29, 47
List the prime factors of 21863423.
21863423
What are the prime factors of 1048698?
2, 3, 7, 29, 41
What are the prime factors of 3181240?
2, 5, 79531
What are the prime factors of 46070?
2, 5, 17, 271
What are the prime factors of 74294?
2, 11, 307
List the prime factors of 526001.
7, 163, 461
List the prime factors of 391375.
5, 31, 101
List the prime factors of 22405655.
5, 19, 235849
List 